{"id":148,"date":"2018-10-18T10:28:49","date_gmt":"2018-10-18T10:28:49","guid":{"rendered":"http:\/\/bb-netzdesign.de\/?page_id=148"},"modified":"2018-10-19T12:00:24","modified_gmt":"2018-10-19T12:00:24","slug":"unsere-leistungen-2","status":"publish","type":"page","link":"https:\/\/bb-netzdesign.de\/?page_id=148","title":{"rendered":""},"content":{"rendered":"<p><strong>Wer einen Plan hat, kann sich freuen.<\/strong><\/p>\n<p>Unser Unternehmen wurde im Jahr 2000 mit dem Schwerpunkt &#8222;Planung von Koaxialnetzen&#8220; gegr\u00fcndet. Nach einer erfolgreicher Umstrukturierung und einem Standortwechsel im Jahr 2015, fokussieren wir uns unter dem Namen \u201eBreitband Netzdesign\u201c prim\u00e4r auf die Planung, Dokumentation und Konzeption von Glasfasernetzen. Selbstverst\u00e4ndlich bieten wir im koaxialen Bereich nach wie vor unsere Dienstleistungen an.<\/p>\n<p>Ein Projekt erfordert viele Spezialisten mit unterschiedlichen Schwerpunkten, um erfolgreich abgeschlossen werden zu k\u00f6nnen. Alle diese Anforderungen in einem Unternehmen zu finden, erweist sich als schwierig oder sogar unm\u00f6glich. Die Breitband Netzdesign z\u00e4hlt in ihren Kernbereichen zu den gefragtesten Unternehmen in Deutschland und Europa. Mit kompetenten und erprobten Partnerschaften aus den Bereichen Trassenplanung, Vermessung und Tiefbau, sind wir in der Lage, Komplettl\u00f6sungen im Bereich Netzausbau anbieten zu k\u00f6nnen.<\/p>\n","protected":false},"excerpt":{"rendered":"<p>Wer einen Plan hat, kann sich freuen. Unser Unternehmen wurde im Jahr 2000 mit dem Schwerpunkt &#8222;Planung von Koaxialnetzen&#8220; gegr\u00fcndet. Nach einer erfolgreicher Umstrukturierung und einem Standortwechsel im Jahr 2015, &#8230;<\/p>\n","protected":false},"author":1,"featured_media":0,"parent":0,"menu_order":0,"comment_status":"closed","ping_status":"closed","template":"","meta":{"footnotes":""},"class_list":["post-148","page","type-page","status-publish","hentry"],"_links":{"self":[{"href":"https:\/\/bb-netzdesign.de\/index.php?rest_route=\/wp\/v2\/pages\/148","targetHints":{"allow":["GET"]}}],"collection":[{"href":"https:\/\/bb-netzdesign.de\/index.php?rest_route=\/wp\/v2\/pages"}],"about":[{"href":"https:\/\/bb-netzdesign.de\/index.php?rest_route=\/wp\/v2\/types\/page"}],"author":[{"embeddable":true,"href":"https:\/\/bb-netzdesign.de\/index.php?rest_route=\/wp\/v2\/users\/1"}],"replies":[{"embeddable":true,"href":"https:\/\/bb-netzdesign.de\/index.php?rest_route=%2Fwp%2Fv2%2Fcomments&post=148"}],"version-history":[{"count":10,"href":"https:\/\/bb-netzdesign.de\/index.php?rest_route=\/wp\/v2\/pages\/148\/revisions"}],"predecessor-version":[{"id":393,"href":"https:\/\/bb-netzdesign.de\/index.php?rest_route=\/wp\/v2\/pages\/148\/revisions\/393"}],"wp:attachment":[{"href":"https:\/\/bb-netzdesign.de\/index.php?rest_route=%2Fwp%2Fv2%2Fmedia&parent=148"}],"curies":[{"name":"wp","href":"https:\/\/api.w.org\/{rel}","templated":true}]}}