{"id":71,"date":"2018-10-17T13:41:46","date_gmt":"2018-10-17T13:41:46","guid":{"rendered":"http:\/\/bb-netzdesign.de\/?page_id=71"},"modified":"2018-10-19T11:50:17","modified_gmt":"2018-10-19T11:50:17","slug":"der-inhaber","status":"publish","type":"page","link":"https:\/\/bb-netzdesign.de\/?page_id=71","title":{"rendered":""},"content":{"rendered":"<p><strong>Waldemar Getta<\/strong> ist der Gr\u00fcnder und Eigent\u00fcmer des Unternehmens Waldemar Getta Breitband Netzdesign.<br \/>\nSeit jeher in der Kabelnetzbranche beheimatet, verf\u00fcgt er \u00fcber ein breites Wissen und Erfahrung im Umgang mit modernen Breitbandnetzanlagen.<\/p>\n<ul>\n<li>3 Jahre Softwaretrainer bei Siemens M\u00fcnchen<\/li>\n<li>6 Jahre Projektleiter Deutsche Telekom KabelService<\/li>\n<li>Seit 2000 Selbst\u00e4ndigkeit im Bereich Planung, Dokumentation und Konzeption von Glasfaser- und Koaxialnetzen<\/li>\n<li>Dozent der AND \u00a9 \u2013 AND Solution GmbH<\/li>\n<li>Dozent der dibkom \u2013 Deutsches Institut f\u00fcr Breitbandkommunikation GmbH<\/li>\n<\/ul>\n","protected":false},"excerpt":{"rendered":"<p>Waldemar Getta ist der Gr\u00fcnder und Eigent\u00fcmer des Unternehmens Waldemar Getta Breitband Netzdesign. Seit jeher in der Kabelnetzbranche beheimatet, verf\u00fcgt er \u00fcber ein breites Wissen und Erfahrung im Umgang mit &#8230;<\/p>\n","protected":false},"author":1,"featured_media":0,"parent":137,"menu_order":0,"comment_status":"closed","ping_status":"closed","template":"","meta":{"footnotes":""},"class_list":["post-71","page","type-page","status-publish","hentry"],"_links":{"self":[{"href":"https:\/\/bb-netzdesign.de\/index.php?rest_route=\/wp\/v2\/pages\/71","targetHints":{"allow":["GET"]}}],"collection":[{"href":"https:\/\/bb-netzdesign.de\/index.php?rest_route=\/wp\/v2\/pages"}],"about":[{"href":"https:\/\/bb-netzdesign.de\/index.php?rest_route=\/wp\/v2\/types\/page"}],"author":[{"embeddable":true,"href":"https:\/\/bb-netzdesign.de\/index.php?rest_route=\/wp\/v2\/users\/1"}],"replies":[{"embeddable":true,"href":"https:\/\/bb-netzdesign.de\/index.php?rest_route=%2Fwp%2Fv2%2Fcomments&post=71"}],"version-history":[{"count":12,"href":"https:\/\/bb-netzdesign.de\/index.php?rest_route=\/wp\/v2\/pages\/71\/revisions"}],"predecessor-version":[{"id":391,"href":"https:\/\/bb-netzdesign.de\/index.php?rest_route=\/wp\/v2\/pages\/71\/revisions\/391"}],"up":[{"embeddable":true,"href":"https:\/\/bb-netzdesign.de\/index.php?rest_route=\/wp\/v2\/pages\/137"}],"wp:attachment":[{"href":"https:\/\/bb-netzdesign.de\/index.php?rest_route=%2Fwp%2Fv2%2Fmedia&parent=71"}],"curies":[{"name":"wp","href":"https:\/\/api.w.org\/{rel}","templated":true}]}}